{"id":237,"date":"2024-09-10T14:03:41","date_gmt":"2024-09-10T12:03:41","guid":{"rendered":"https:\/\/www.montessoriostrava.cz\/jesle\/?page_id=237"},"modified":"2025-02-07T21:27:48","modified_gmt":"2025-02-07T20:27:48","slug":"vedeni","status":"publish","type":"page","link":"https:\/\/www.montessoriostrava.cz\/jesle\/vedeni\/","title":{"rendered":"Veden\u00ed"},"content":{"rendered":"\n<h2 class=\"wp-block-heading\">Ing. Radan J\u00fcnger<\/h2>\n\n\n\n<h3 class=\"wp-block-heading\">z\u0159izovatel<\/h3>\n\n\n\n<div class=\"wp-block-columns is-layout-flex wp-container-core-columns-is-layout-9d6595d7 wp-block-columns-is-layout-flex\">\n<div class=\"wp-block-column is-layout-flow wp-block-column-is-layout-flow\" style=\"flex-basis:66.66%\">\n<p>Ostravsk\u00fd patriot, inov\u00e1tor, kreativec, podnikatel a pedagog, kter\u00fd v letech 2010-2019 vybudoval a \u0159\u00eddil <strong>nejv\u011bt\u0161\u00ed vzd\u011bl\u00e1vac\u00ed holding \u0161kol v \u010cesk\u00e9 republice<\/strong>. Po \u00fasp\u011b\u0161n\u00e9m exitu z vysok\u00e9ho \u0161kolstv\u00ed se, v roli rodi\u010de sv\u00fdch d\u011bt\u00ed, kter\u00fd chce jejich vzd\u011bl\u00e1v\u00e1n\u00ed aktivn\u011b ovlivnit, v\u011bnuje rozvoji p\u0159ed\u0161koln\u00edch a \u0161kolsk\u00fdch za\u0159\u00edzen\u00ed. <\/p>\n\n\n\n<p>Za c\u00edl si klade vytvo\u0159it modern\u00ed \u0161kolsk\u00e9 instituce, kter\u00e9 reaguj\u00ed na m\u011bn\u00edc\u00ed se vzd\u011bl\u00e1vac\u00ed pot\u0159eby a tvo\u0159\u00ed jinou volbu k m\u00edsty zastaral\u00e9mu tradi\u010dn\u00edmu vzd\u011bl\u00e1vac\u00edmu syst\u00e9mu. <\/p>\n\n\n\n<p>Svou vizi zalo\u017eil na celosv\u011btov\u00e9m a respektovan\u00e9m vzd\u011bl\u00e1vac\u00edm syst\u00e9mu Montessori pedagogiky. Absolvoval mezin\u00e1rodn\u011b certifikovan\u00fd kurz AMI pro Montessori \u0159editele, kter\u00fd vedli Sue Pritzker and Eder Cuevas. \u201eNejv\u00edce si cen\u00edm na sv\u00e9m pedagogick\u00e9m sboru, s jakou p\u00e9\u010d\u00ed se v\u011bnuj\u00ed na\u0161im \u017e\u00e1k\u016fm. Jsou nen\u00e1padn\u00fdmi pr\u016fvodci v jejich sv\u011bt\u011b a touze po pozn\u00e1n\u00ed. M\u016fj t\u00fdm pln\u011b <strong>kvalifikovan\u00fdch odborn\u00edk\u016f<\/strong> je nekone\u010dn\u00fdm procesem hled\u00e1n\u00ed, a je pe\u010dliv\u011b vyb\u00edr\u00e1n z t\u011bch nejlep\u0161\u00edch pedagog\u016f. A\u0165 u\u017e se jedn\u00e1 o veden\u00ed \u0161koly, t\u0159\u00eddn\u00ed u\u010ditele, asistentky nebo rodil\u00e9 mluv\u010d\u00ed.\u201c <\/p>\n\n\n\n<p>Z\u00e1kladn\u00edmi kameny v\u0161ech \u0161kol Montessori Ostrava jsou zap\u00e1len\u00ed u\u010ditel\u00e9, nov\u00e9 p\u0159\u00edstupy, modern\u00ed vzd\u011bl\u00e1vac\u00ed trendy a z\u00e1rove\u0148 kombinace osv\u011bd\u010den\u00fdch metod z klasick\u00e9 didaktiky a Montessori pedagogiky, s d\u016frazem na v\u00fduku ciz\u00edch jazyk\u016f.<\/p>\n\n\n\n<p>Seznamte se chromologicky s \u010dl\u00e1nky kter\u00e9 byly publikov\u00e1ny:<\/p>\n\n\n\n<p><a href=\"https:\/\/www.freshtime.cz\/wp-content\/uploads\/2012\/10\/FreshTime_2012_09.pdf\">Vzd\u011bl\u00e1n\u00ed je slu\u017eba, rovn\u011b\u017e tak\u00e9 investice. 2012<\/a>, <\/p>\n\n\n\n<p><a href=\"https:\/\/www.iprosperita.cz\/images\/pdf_prosperita\/2015-10_issue.pdf\">O reeingeneeringu vzd\u011bl\u00e1vac\u00edch proces\u016f. 2015<\/a>, <\/p>\n\n\n\n<p><a href=\"https:\/\/www.montessoriostrava.cz\/ms\/zeptali-jsme-se-reditele\/\">Rozhovor s&nbsp;\u0159editelem Montessori Ostrava. 2018<\/a>, <\/p>\n\n\n\n<p><a href=\"https:\/\/www.montessoriostrava.cz\/zs\/montessori-ostrava-kdyz-je-pedagog-nejen-ucitelem-ale-i-pruvodcem\/\">Kdy\u017e je pedagog nejen u\u010ditelem, ale i pr\u016fvodcem. 2020<\/a>, <\/p>\n\n\n\n<p><a href=\"https:\/\/www.vosmet.cz\/tiskova-zprava-multimedialni-studio-novy-svet-pro-studenty\">Otev\u0159en\u00ed medi\u00e1ln\u00edho studia. 2021<\/a>,<\/p>\n\n\n\n<p><a href=\"https:\/\/moravskoslezsky.denik.cz\/zpravy-z-ceska\/vzdelani-daval-deseti-tisicum-studentu-nyni-mentoruje-ty-nejmensi-20210208.html\"><\/a><a href=\"https:\/\/moravskoslezsky.denik.cz\/zpravy-z-ceska\/vzdelani-daval-deseti-tisicum-studentu-nyni-mentoruje-ty-nejmensi-20210208.html\">Vzd\u011bl\u00e1n\u00ed d\u00e1val deseti tis\u00edc\u016fm student\u016f. Nyn\u00ed mentoruje ty nejmen\u0161\u00ed. 2021<\/a>,<\/p>\n\n\n\n<p><a href=\"https:\/\/www.novinky.cz\/clanek\/bydleni-zahrada-skola-v-ostrave-ma-zrejme-jako-prvni-v-cesku-autonomni-hydroponickou-farmu-40450887\">Prvn\u00ed z\u00e1kladn\u00ed \u0161kola s&nbsp;hydroponickou farmou. 2023<\/a>,<\/p>\n\n\n\n<p><a href=\"https:\/\/moravskoslezsky.denik.cz\/zpravy_region\/ostrava-nova-stredni-skola-montessori-lyceum-2025.html\">Moravskoslezsk\u00fd kraj m\u00e1 prvn\u00ed Montessori lyceum. 2025<\/a><\/p>\n<\/div>\n\n\n\n<div class=\"wp-block-column is-vertically-aligned-center is-layout-flow wp-block-column-is-layout-flow\" style=\"flex-basis:33.33%\">\n<figure class=\"wp-block-image size-large\"><img loading=\"lazy\" decoding=\"async\" width=\"1024\" height=\"1024\" src=\"https:\/\/www.montessoriostrava.cz\/jesle\/wp-content\/uploads\/sites\/5\/2024\/09\/Radan-Junger-1-1024x1024.jpg\" alt=\"Veden\u00ed\" class=\"wp-image-238\" srcset=\"https:\/\/www.montessoriostrava.cz\/jesle\/wp-content\/uploads\/sites\/5\/2024\/09\/Radan-Junger-1-1024x1024.jpg 1024w, https:\/\/www.montessoriostrava.cz\/jesle\/wp-content\/uploads\/sites\/5\/2024\/09\/Radan-Junger-1-300x300.jpg 300w, https:\/\/www.montessoriostrava.cz\/jesle\/wp-content\/uploads\/sites\/5\/2024\/09\/Radan-Junger-1-150x150.jpg 150w, https:\/\/www.montessoriostrava.cz\/jesle\/wp-content\/uploads\/sites\/5\/2024\/09\/Radan-Junger-1-768x768.jpg 768w, https:\/\/www.montessoriostrava.cz\/jesle\/wp-content\/uploads\/sites\/5\/2024\/09\/Radan-Junger-1.jpg 1200w\" sizes=\"auto, (max-width: 1024px) 100vw, 1024px\" \/><\/figure>\n<\/div>\n<\/div>\n\n\n\n<h2 class=\"wp-block-heading\">Ing. Kamila J\u00fcnger<\/h2>\n\n\n\n<h3 class=\"wp-block-heading\">\u0159editelka, z\u0159izovatel<\/h3>\n\n\n\n<div class=\"wp-block-columns is-layout-flex wp-container-core-columns-is-layout-9d6595d7 wp-block-columns-is-layout-flex\">\n<div class=\"wp-block-column is-layout-flow wp-block-column-is-layout-flow\" style=\"flex-basis:66.66%\">\n<p>Po narozen\u00ed syna, jsem tu\u0161ila, \u017ee d\u011bti budou mou l\u00e1skou na cel\u00fd \u017eivot. Po narozen\u00ed dcery jsem se v t\u00e9to my\u0161lence utvrdila. Nebylo tedy p\u0159ekvapen\u00edm, kdy\u017e jsem se postupn\u011b za\u010dala v\u011bnovat i d\u011btem v na\u0161\u00ed M\u0160 a Z\u0160, kde vedu krou\u017eek va\u0159en\u00ed. St\u00e1le jsem v\u0161ak c\u00edtila pot\u0159ebu v\u011bnovat se je\u0161t\u011b men\u0161\u00edm d\u011btem. V roce 2022 jsem absolvovala <strong>kurz ch\u016fvy pro DS<\/strong>. Jsem velmi r\u00e1da, \u017ee se n\u00e1m v z\u00e1\u0159\u00ed 2022 poda\u0159ilo otev\u0159\u00edt prvn\u00ed, velmi d\u016fle\u017eit\u00fd stupe\u0148 vzd\u011bl\u00e1v\u00e1n\u00ed nejmen\u0161\u00edch d\u011bt\u00ed, a to Montessori jesli\u010dky. Zde p\u016fsob\u00edm jako ch\u016fva na pobo\u010dce na Matrosovov\u011b ulici a od z\u00e1\u0159\u00ed 2023 tak\u00e9 jako \u0159editelka.<\/p>\n\n\n\n<p>Jeliko\u017e vn\u00edm\u00e1m d\u016fle\u017eitost pot\u0159eby neust\u00e1le se rozv\u00edjet a vzd\u011bl\u00e1vat vystudovala jsem v roce 2023 kurz asistenta pedagoga a \u00fasp\u011b\u0161n\u011b jsem absolvovala mezin\u00e1rodn\u00ed <strong>AMI Montessori Asistentsk\u00fd kurz  pro v\u011bk 0-3 u tren\u00e9rky Heidi Philippart<\/strong>. AMI kurz mi umo\u017enil hloub\u011bji pochopit, jak d\u016fle\u017eitou roli hraje vzd\u011bl\u00e1v\u00e1n\u00ed ji\u017e takto mal\u00fdch d\u011bt\u00ed v jednotliv\u00fdch oblastech jako jsou praktick\u00fd \u017eivot, smyslov\u00e1 v\u00fdchova, jazykov\u00e1 oblast a kultura.<\/p>\n\n\n\n<p>D\u00edky jesli\u010dk\u00e1m se napl\u0148uje m\u00e1 dlouholet\u00e1 my\u0161lenka vzd\u011bl\u00e1vat d\u011bti ji\u017e od 18 m\u011bs\u00edc\u016f a p\u0159ipravovat je postupn\u011b na p\u0159echod do mate\u0159sk\u00e9 a n\u00e1sledn\u011b z\u00e1kladn\u00ed \u0161koly. Zejm\u00e9na mal\u00e9 d\u011bti jsou velmi citliv\u00e9 na jak\u00e9koliv zm\u011bny. Velk\u00fd v\u00fdznam proto vid\u00edm v adaptac\u00edch nov\u00fdch d\u011bt\u00ed, kdy se jim sna\u017e\u00edm poskytnout maxim\u00e1ln\u011b p\u0159\u00edjemn\u00e9 a \u00fatuln\u00e9 prost\u0159ed\u00ed a hlavn\u011b l\u00e1skypln\u00fd p\u0159\u00edstup a trp\u011blivost.<\/p>\n\n\n\n<p>Od roku 2024 nov\u011b vedu v prostor\u00e1ch jesl\u00ed Matrosovova <a href=\"https:\/\/www.montessoriostrava.cz\/jesle\/montessori-klubik\/\">Montessori Klub\u00edk<\/a>, kde se mohou d\u011bti se sv\u00fdmi rodi\u010di p\u0159irozen\u011b sezn\u00e1mit s Montessori prost\u0159ed\u00edm.<\/p>\n<\/div>\n\n\n\n<div class=\"wp-block-column is-vertically-aligned-center is-layout-flow wp-block-column-is-layout-flow\" style=\"flex-basis:33.33%\">\n<figure class=\"wp-block-image size-large\"><img loading=\"lazy\" decoding=\"async\" width=\"768\" height=\"1024\" src=\"https:\/\/www.montessoriostrava.cz\/jesle\/wp-content\/uploads\/sites\/5\/2024\/09\/kamila-junger-scaled-e1692822002651-768x1024.jpg\" alt=\"Veden\u00ed\" class=\"wp-image-239\" srcset=\"https:\/\/www.montessoriostrava.cz\/jesle\/wp-content\/uploads\/sites\/5\/2024\/09\/kamila-junger-scaled-e1692822002651-768x1024.jpg 768w, https:\/\/www.montessoriostrava.cz\/jesle\/wp-content\/uploads\/sites\/5\/2024\/09\/kamila-junger-scaled-e1692822002651-225x300.jpg 225w, https:\/\/www.montessoriostrava.cz\/jesle\/wp-content\/uploads\/sites\/5\/2024\/09\/kamila-junger-scaled-e1692822002651-1152x1536.jpg 1152w, https:\/\/www.montessoriostrava.cz\/jesle\/wp-content\/uploads\/sites\/5\/2024\/09\/kamila-junger-scaled-e1692822002651.jpg 1200w\" sizes=\"auto, (max-width: 768px) 100vw, 768px\" \/><\/figure>\n<\/div>\n<\/div>\n","protected":false},"excerpt":{"rendered":"<p>Ing. Radan J\u00fcnger z\u0159izovatel Ostravsk\u00fd patriot, inov\u00e1tor, kreativec, podnikatel a pedagog, kter\u00fd v letech 2010-2019 vybudoval a \u0159\u00eddil nejv\u011bt\u0161\u00ed vzd\u011bl\u00e1vac\u00ed holding \u0161kol v \u010cesk\u00e9 republice. Po \u00fasp\u011b\u0161n\u00e9m exitu z vysok\u00e9ho \u0161kolstv\u00ed se, v roli rodi\u010de sv\u00fdch d\u011bt\u00ed, kter\u00fd chce jejich vzd\u011bl\u00e1v\u00e1n\u00ed aktivn\u011b ovlivnit, v\u011bnuje rozvoji p\u0159ed\u0161koln\u00edch a \u0161kolsk\u00fdch za\u0159\u00edzen\u00ed. Za c\u00edl si klade vytvo\u0159it modern\u00ed [&hellip;]<\/p>\n","protected":false},"author":1,"featured_media":0,"parent":0,"menu_order":0,"comment_status":"closed","ping_status":"closed","template":"","meta":{"footnotes":""},"class_list":["post-237","page","type-page","status-publish","hentry"],"acf":[],"yoast_head":"<!-- This site is optimized with the Yoast SEO plugin v27.5 - https:\/\/yoast.com\/product\/yoast-seo-wordpress\/ -->\n<title>Veden\u00ed | Jesle Montessori Ostrava<\/title>\n<meta name=\"description\" content=\"Poznejte veden\u00ed Montessori jesl\u00ed. Na\u0161e zku\u0161en\u00e9 veden\u00ed zaji\u0161\u0165uje vysok\u00fd standard p\u00e9\u010de a vzd\u011bl\u00e1v\u00e1n\u00ed pro d\u011bti i jejich rodi\u010de.\" \/>\n<meta name=\"robots\" content=\"index, follow, max-snippet:-1, max-image-preview:large, max-video-preview:-1\" \/>\n<link rel=\"canonical\" href=\"https:\/\/www.montessoriostrava.cz\/jesle\/vedeni\/\" \/>\n<meta property=\"og:locale\" content=\"cs_CZ\" \/>\n<meta property=\"og:type\" content=\"article\" \/>\n<meta property=\"og:title\" content=\"Veden\u00ed | Jesle Montessori Ostrava\" \/>\n<meta property=\"og:description\" content=\"Poznejte veden\u00ed Montessori jesl\u00ed. Na\u0161e zku\u0161en\u00e9 veden\u00ed zaji\u0161\u0165uje vysok\u00fd standard p\u00e9\u010de a vzd\u011bl\u00e1v\u00e1n\u00ed pro d\u011bti i jejich rodi\u010de.\" \/>\n<meta property=\"og:url\" content=\"https:\/\/www.montessoriostrava.cz\/jesle\/vedeni\/\" \/>\n<meta property=\"og:site_name\" content=\"Jesle Montessori Ostrava\" \/>\n<meta property=\"article:modified_time\" content=\"2025-02-07T20:27:48+00:00\" \/>\n<meta property=\"og:image\" content=\"https:\/\/www.montessoriostrava.cz\/jesle\/wp-content\/uploads\/sites\/5\/2024\/09\/Radan-Junger-1.jpg\" \/>\n\t<meta property=\"og:image:width\" content=\"1200\" \/>\n\t<meta property=\"og:image:height\" content=\"1200\" \/>\n\t<meta property=\"og:image:type\" content=\"image\/jpeg\" \/>\n<meta name=\"twitter:card\" content=\"summary_large_image\" \/>\n<meta name=\"twitter:label1\" content=\"Odhadovan\u00e1 doba \u010dten\u00ed\" \/>\n\t<meta name=\"twitter:data1\" content=\"4 minuty\" \/>\n<script type=\"application\/ld+json\" class=\"yoast-schema-graph\">{\"@context\":\"https:\\\/\\\/schema.org\",\"@graph\":[{\"@type\":\"WebPage\",\"@id\":\"https:\\\/\\\/www.montessoriostrava.cz\\\/jesle\\\/vedeni\\\/\",\"url\":\"https:\\\/\\\/www.montessoriostrava.cz\\\/jesle\\\/vedeni\\\/\",\"name\":\"Veden\u00ed | Jesle Montessori Ostrava\",\"isPartOf\":{\"@id\":\"https:\\\/\\\/www.montessoriostrava.cz\\\/jesle\\\/#website\"},\"primaryImageOfPage\":{\"@id\":\"https:\\\/\\\/www.montessoriostrava.cz\\\/jesle\\\/vedeni\\\/#primaryimage\"},\"image\":{\"@id\":\"https:\\\/\\\/www.montessoriostrava.cz\\\/jesle\\\/vedeni\\\/#primaryimage\"},\"thumbnailUrl\":\"https:\\\/\\\/www.montessoriostrava.cz\\\/jesle\\\/wp-content\\\/uploads\\\/sites\\\/5\\\/2024\\\/09\\\/Radan-Junger-1-1024x1024.jpg\",\"datePublished\":\"2024-09-10T12:03:41+00:00\",\"dateModified\":\"2025-02-07T20:27:48+00:00\",\"description\":\"Poznejte veden\u00ed Montessori jesl\u00ed. Na\u0161e zku\u0161en\u00e9 veden\u00ed zaji\u0161\u0165uje vysok\u00fd standard p\u00e9\u010de a vzd\u011bl\u00e1v\u00e1n\u00ed pro d\u011bti i jejich rodi\u010de.\",\"breadcrumb\":{\"@id\":\"https:\\\/\\\/www.montessoriostrava.cz\\\/jesle\\\/vedeni\\\/#breadcrumb\"},\"inLanguage\":\"cs\",\"potentialAction\":[{\"@type\":\"ReadAction\",\"target\":[\"https:\\\/\\\/www.montessoriostrava.cz\\\/jesle\\\/vedeni\\\/\"]}]},{\"@type\":\"ImageObject\",\"inLanguage\":\"cs\",\"@id\":\"https:\\\/\\\/www.montessoriostrava.cz\\\/jesle\\\/vedeni\\\/#primaryimage\",\"url\":\"https:\\\/\\\/www.montessoriostrava.cz\\\/jesle\\\/wp-content\\\/uploads\\\/sites\\\/5\\\/2024\\\/09\\\/Radan-Junger-1.jpg\",\"contentUrl\":\"https:\\\/\\\/www.montessoriostrava.cz\\\/jesle\\\/wp-content\\\/uploads\\\/sites\\\/5\\\/2024\\\/09\\\/Radan-Junger-1.jpg\",\"width\":1200,\"height\":1200},{\"@type\":\"BreadcrumbList\",\"@id\":\"https:\\\/\\\/www.montessoriostrava.cz\\\/jesle\\\/vedeni\\\/#breadcrumb\",\"itemListElement\":[{\"@type\":\"ListItem\",\"position\":1,\"name\":\"Dom\u016f\",\"item\":\"https:\\\/\\\/www.montessoriostrava.cz\\\/jesle\\\/\"},{\"@type\":\"ListItem\",\"position\":2,\"name\":\"Veden\u00ed\"}]},{\"@type\":\"WebSite\",\"@id\":\"https:\\\/\\\/www.montessoriostrava.cz\\\/jesle\\\/#website\",\"url\":\"https:\\\/\\\/www.montessoriostrava.cz\\\/jesle\\\/\",\"name\":\"Jesle Montessori Ostrava\",\"description\":\"\",\"publisher\":{\"@id\":\"https:\\\/\\\/www.montessoriostrava.cz\\\/jesle\\\/#organization\"},\"potentialAction\":[{\"@type\":\"SearchAction\",\"target\":{\"@type\":\"EntryPoint\",\"urlTemplate\":\"https:\\\/\\\/www.montessoriostrava.cz\\\/jesle\\\/?s={search_term_string}\"},\"query-input\":{\"@type\":\"PropertyValueSpecification\",\"valueRequired\":true,\"valueName\":\"search_term_string\"}}],\"inLanguage\":\"cs\"},{\"@type\":\"Organization\",\"@id\":\"https:\\\/\\\/www.montessoriostrava.cz\\\/jesle\\\/#organization\",\"name\":\"Montessori Ostrava\",\"url\":\"https:\\\/\\\/www.montessoriostrava.cz\\\/jesle\\\/\",\"logo\":{\"@type\":\"ImageObject\",\"inLanguage\":\"cs\",\"@id\":\"https:\\\/\\\/www.montessoriostrava.cz\\\/jesle\\\/#\\\/schema\\\/logo\\\/image\\\/\",\"url\":\"https:\\\/\\\/www.montessoriostrava.cz\\\/jesle\\\/wp-content\\\/uploads\\\/sites\\\/5\\\/2025\\\/01\\\/logo-montessori.png\",\"contentUrl\":\"https:\\\/\\\/www.montessoriostrava.cz\\\/jesle\\\/wp-content\\\/uploads\\\/sites\\\/5\\\/2025\\\/01\\\/logo-montessori.png\",\"width\":1794,\"height\":527,\"caption\":\"Montessori Ostrava\"},\"image\":{\"@id\":\"https:\\\/\\\/www.montessoriostrava.cz\\\/jesle\\\/#\\\/schema\\\/logo\\\/image\\\/\"}}]}<\/script>\n<!-- \/ Yoast SEO plugin. -->","yoast_head_json":{"title":"Veden\u00ed | Jesle Montessori Ostrava","description":"Poznejte veden\u00ed Montessori jesl\u00ed. Na\u0161e zku\u0161en\u00e9 veden\u00ed zaji\u0161\u0165uje vysok\u00fd standard p\u00e9\u010de a vzd\u011bl\u00e1v\u00e1n\u00ed pro d\u011bti i jejich rodi\u010de.","robots":{"index":"index","follow":"follow","max-snippet":"max-snippet:-1","max-image-preview":"max-image-preview:large","max-video-preview":"max-video-preview:-1"},"canonical":"https:\/\/www.montessoriostrava.cz\/jesle\/vedeni\/","og_locale":"cs_CZ","og_type":"article","og_title":"Veden\u00ed | Jesle Montessori Ostrava","og_description":"Poznejte veden\u00ed Montessori jesl\u00ed. Na\u0161e zku\u0161en\u00e9 veden\u00ed zaji\u0161\u0165uje vysok\u00fd standard p\u00e9\u010de a vzd\u011bl\u00e1v\u00e1n\u00ed pro d\u011bti i jejich rodi\u010de.","og_url":"https:\/\/www.montessoriostrava.cz\/jesle\/vedeni\/","og_site_name":"Jesle Montessori Ostrava","article_modified_time":"2025-02-07T20:27:48+00:00","og_image":[{"width":1200,"height":1200,"url":"https:\/\/www.montessoriostrava.cz\/jesle\/wp-content\/uploads\/sites\/5\/2024\/09\/Radan-Junger-1.jpg","type":"image\/jpeg"}],"twitter_card":"summary_large_image","twitter_misc":{"Odhadovan\u00e1 doba \u010dten\u00ed":"4 minuty"},"schema":{"@context":"https:\/\/schema.org","@graph":[{"@type":"WebPage","@id":"https:\/\/www.montessoriostrava.cz\/jesle\/vedeni\/","url":"https:\/\/www.montessoriostrava.cz\/jesle\/vedeni\/","name":"Veden\u00ed | Jesle Montessori Ostrava","isPartOf":{"@id":"https:\/\/www.montessoriostrava.cz\/jesle\/#website"},"primaryImageOfPage":{"@id":"https:\/\/www.montessoriostrava.cz\/jesle\/vedeni\/#primaryimage"},"image":{"@id":"https:\/\/www.montessoriostrava.cz\/jesle\/vedeni\/#primaryimage"},"thumbnailUrl":"https:\/\/www.montessoriostrava.cz\/jesle\/wp-content\/uploads\/sites\/5\/2024\/09\/Radan-Junger-1-1024x1024.jpg","datePublished":"2024-09-10T12:03:41+00:00","dateModified":"2025-02-07T20:27:48+00:00","description":"Poznejte veden\u00ed Montessori jesl\u00ed. Na\u0161e zku\u0161en\u00e9 veden\u00ed zaji\u0161\u0165uje vysok\u00fd standard p\u00e9\u010de a vzd\u011bl\u00e1v\u00e1n\u00ed pro d\u011bti i jejich rodi\u010de.","breadcrumb":{"@id":"https:\/\/www.montessoriostrava.cz\/jesle\/vedeni\/#breadcrumb"},"inLanguage":"cs","potentialAction":[{"@type":"ReadAction","target":["https:\/\/www.montessoriostrava.cz\/jesle\/vedeni\/"]}]},{"@type":"ImageObject","inLanguage":"cs","@id":"https:\/\/www.montessoriostrava.cz\/jesle\/vedeni\/#primaryimage","url":"https:\/\/www.montessoriostrava.cz\/jesle\/wp-content\/uploads\/sites\/5\/2024\/09\/Radan-Junger-1.jpg","contentUrl":"https:\/\/www.montessoriostrava.cz\/jesle\/wp-content\/uploads\/sites\/5\/2024\/09\/Radan-Junger-1.jpg","width":1200,"height":1200},{"@type":"BreadcrumbList","@id":"https:\/\/www.montessoriostrava.cz\/jesle\/vedeni\/#breadcrumb","itemListElement":[{"@type":"ListItem","position":1,"name":"Dom\u016f","item":"https:\/\/www.montessoriostrava.cz\/jesle\/"},{"@type":"ListItem","position":2,"name":"Veden\u00ed"}]},{"@type":"WebSite","@id":"https:\/\/www.montessoriostrava.cz\/jesle\/#website","url":"https:\/\/www.montessoriostrava.cz\/jesle\/","name":"Jesle Montessori Ostrava","description":"","publisher":{"@id":"https:\/\/www.montessoriostrava.cz\/jesle\/#organization"},"potentialAction":[{"@type":"SearchAction","target":{"@type":"EntryPoint","urlTemplate":"https:\/\/www.montessoriostrava.cz\/jesle\/?s={search_term_string}"},"query-input":{"@type":"PropertyValueSpecification","valueRequired":true,"valueName":"search_term_string"}}],"inLanguage":"cs"},{"@type":"Organization","@id":"https:\/\/www.montessoriostrava.cz\/jesle\/#organization","name":"Montessori Ostrava","url":"https:\/\/www.montessoriostrava.cz\/jesle\/","logo":{"@type":"ImageObject","inLanguage":"cs","@id":"https:\/\/www.montessoriostrava.cz\/jesle\/#\/schema\/logo\/image\/","url":"https:\/\/www.montessoriostrava.cz\/jesle\/wp-content\/uploads\/sites\/5\/2025\/01\/logo-montessori.png","contentUrl":"https:\/\/www.montessoriostrava.cz\/jesle\/wp-content\/uploads\/sites\/5\/2025\/01\/logo-montessori.png","width":1794,"height":527,"caption":"Montessori Ostrava"},"image":{"@id":"https:\/\/www.montessoriostrava.cz\/jesle\/#\/schema\/logo\/image\/"}}]}},"_links":{"self":[{"href":"https:\/\/www.montessoriostrava.cz\/jesle\/wp-json\/wp\/v2\/pages\/237","targetHints":{"allow":["GET"]}}],"collection":[{"href":"https:\/\/www.montessoriostrava.cz\/jesle\/wp-json\/wp\/v2\/pages"}],"about":[{"href":"https:\/\/www.montessoriostrava.cz\/jesle\/wp-json\/wp\/v2\/types\/page"}],"author":[{"embeddable":true,"href":"https:\/\/www.montessoriostrava.cz\/jesle\/wp-json\/wp\/v2\/users\/1"}],"replies":[{"embeddable":true,"href":"https:\/\/www.montessoriostrava.cz\/jesle\/wp-json\/wp\/v2\/comments?post=237"}],"version-history":[{"count":8,"href":"https:\/\/www.montessoriostrava.cz\/jesle\/wp-json\/wp\/v2\/pages\/237\/revisions"}],"predecessor-version":[{"id":463,"href":"https:\/\/www.montessoriostrava.cz\/jesle\/wp-json\/wp\/v2\/pages\/237\/revisions\/463"}],"wp:attachment":[{"href":"https:\/\/www.montessoriostrava.cz\/jesle\/wp-json\/wp\/v2\/media?parent=237"}],"curies":[{"name":"wp","href":"https:\/\/api.w.org\/{rel}","templated":true}]}}