{"id":54,"date":"2024-09-03T15:35:42","date_gmt":"2024-09-03T13:35:42","guid":{"rendered":"https:\/\/www.montessoriostrava.cz\/jesle\/?page_id=54"},"modified":"2025-02-04T17:05:52","modified_gmt":"2025-02-04T16:05:52","slug":"o-nas","status":"publish","type":"page","link":"https:\/\/www.montessoriostrava.cz\/jesle\/o-nas\/","title":{"rendered":"O n\u00e1s"},"content":{"rendered":"\n<h2 class=\"wp-block-heading\">P\u0159\u00edb\u011bh zakladatele<\/h2>\n\n\n\n<div class=\"wp-block-columns is-layout-flex wp-container-core-columns-is-layout-9d6595d7 wp-block-columns-is-layout-flex\">\n<div class=\"wp-block-column is-layout-flow wp-block-column-is-layout-flow\" style=\"flex-basis:66.66%\">\n<p>Od sv\u00fdch 18 let jsem se jako d\u00edt\u011b pedagogick\u00fdch rodi\u010d\u016f, a je\u0161t\u011b jako student V\u0160 za\u010dal v\u011bnovat oblasti vzd\u011bl\u00e1v\u00e1n\u00ed, kdy n\u00e1sledn\u011b d\u00edlem osudu jsem p\u0159evzal \u0159\u00edzen\u00ed vysok\u00e9 \u0161koly, ke kter\u00fdm jsem postupn\u011b p\u0159id\u00e1val n\u011bkolik dal\u0161\u00edch i zahrani\u010dn\u00edch. <\/p>\n\n\n\n<p>M\u011bl jsem tak mo\u017enost vytv\u00e1\u0159et podm\u00ednky a p\u0159\u00edmo napl\u0148ovat vzd\u011bl\u00e1vac\u00ed c\u00edle tis\u00edc\u016f mlad\u00fdch lid\u00ed v \u010cR i ze zahrani\u010d\u00ed, a to u\u017e v dob\u011b, kter\u00e1 byla p\u0159edzv\u011bst\u00ed dynamick\u00fdch zm\u011bn ve vzd\u011bl\u00e1vac\u00edch pot\u0159eb\u00e1ch ve spole\u010dnosti.<\/p>\n\n\n\n<p>Inspirac\u00ed pro zalo\u017een\u00ed prvn\u00edch Montessori \u0161kol v Ostrav\u011b mn\u011b tak bylo zji\u0161t\u011bn\u00ed, \u017ee v zahrani\u010d\u00ed je p\u0159ed\u0161koln\u00ed a \u0161koln\u00ed vzd\u011bl\u00e1n\u00ed pro jedince z\u00e1sadn\u011bj\u0161\u00ed, ne\u017e-li to vysok\u00e9. A proto\u017ee jsem m\u011bl d\u011bti pr\u00e1v\u011b v p\u0159ed\u0161koln\u00edm obdob\u00ed, d\u00e1valo mn\u011b to tu nejv\u011bt\u0161\u00ed motivaci a smysl.<\/p>\n<\/div>\n\n\n\n<div class=\"wp-block-column is-layout-flow wp-block-column-is-layout-flow\" style=\"flex-basis:33.33%\">\n<figure data-wp-context=\"{&quot;imageId&quot;:&quot;69f60a61944a1&quot;}\" data-wp-interactive=\"core\/image\" data-wp-key=\"69f60a61944a1\" class=\"wp-block-image size-full wp-lightbox-container\"><img loading=\"lazy\" decoding=\"async\" width=\"1024\" height=\"491\" data-wp-class--hide=\"state.isContentHidden\" data-wp-class--show=\"state.isContentVisible\" data-wp-init=\"callbacks.setButtonStyles\" data-wp-on--click=\"actions.showLightbox\" data-wp-on--load=\"callbacks.setButtonStyles\" data-wp-on-window--resize=\"callbacks.setButtonStyles\" src=\"https:\/\/www.montessoriostrava.cz\/jesle\/wp-content\/uploads\/sites\/5\/2024\/09\/IMG_20181022_150917-1024x491-1.jpg\" alt=\"O n\u00e1s\" class=\"wp-image-104\" srcset=\"https:\/\/www.montessoriostrava.cz\/jesle\/wp-content\/uploads\/sites\/5\/2024\/09\/IMG_20181022_150917-1024x491-1.jpg 1024w, https:\/\/www.montessoriostrava.cz\/jesle\/wp-content\/uploads\/sites\/5\/2024\/09\/IMG_20181022_150917-1024x491-1-300x144.jpg 300w, https:\/\/www.montessoriostrava.cz\/jesle\/wp-content\/uploads\/sites\/5\/2024\/09\/IMG_20181022_150917-1024x491-1-768x368.jpg 768w\" sizes=\"auto, (max-width: 1024px) 100vw, 1024px\" \/><button\n\t\t\tclass=\"lightbox-trigger\"\n\t\t\ttype=\"button\"\n\t\t\taria-haspopup=\"dialog\"\n\t\t\taria-label=\"Zv\u011bt\u0161it\"\n\t\t\tdata-wp-init=\"callbacks.initTriggerButton\"\n\t\t\tdata-wp-on--click=\"actions.showLightbox\"\n\t\t\tdata-wp-style--right=\"state.imageButtonRight\"\n\t\t\tdata-wp-style--top=\"state.imageButtonTop\"\n\t\t>\n\t\t\t<svg xmlns=\"http:\/\/www.w3.org\/2000\/svg\" width=\"12\" height=\"12\" fill=\"none\" viewBox=\"0 0 12 12\">\n\t\t\t\t<path fill=\"#fff\" d=\"M2 0a2 2 0 0 0-2 2v2h1.5V2a.5.5 0 0 1 .5-.5h2V0H2Zm2 10.5H2a.5.5 0 0 1-.5-.5V8H0v2a2 2 0 0 0 2 2h2v-1.5ZM8 12v-1.5h2a.5.5 0 0 0 .5-.5V8H12v2a2 2 0 0 1-2 2H8Zm2-12a2 2 0 0 1 2 2v2h-1.5V2a.5.5 0 0 0-.5-.5H8V0h2Z\" \/>\n\t\t\t<\/svg>\n\t\t<\/button><\/figure>\n<\/div>\n<\/div>\n\n\n\n<p>Koncept pro \u0161koly jsem hledal v zahrani\u010d\u00ed, n\u00e1sledn\u011b i v Praze a \u0161koly typu Montessori se uk\u00e1zaly pro vzd\u011bl\u00e1v\u00e1n\u00ed v t\u00e9to dob\u011b jako nej\u00fasp\u011b\u0161n\u011bj\u0161\u00ed a nejvhodn\u011bj\u0161\u00ed. Z\u00e1rove\u0148 nutnost\u00ed bylo je i jazykov\u011b podpo\u0159it, zejm\u00e9na v\u00fdukou angli\u010dtiny.<\/p>\n\n\n\n<p>Nechci sv\u00e9 d\u011bti a d\u011bti v Montessori Ostrava p\u0159ipravovat jen na \u201eCermatovsk\u00e9\u201c zkou\u0161ky a testy a studium na presti\u017en\u00edch vysok\u00fdch \u0161kol\u00e1ch. Pro na\u0161e d\u011bti chci mnohem v\u00edce, p\u0159ipravit je na re\u00e1ln\u00fd praktick\u00fd \u017eivot pro druhou polovinu 21. stolet\u00ed.<\/p>\n\n\n\n<h3 class=\"wp-block-heading\">Posl\u00e1n\u00ed<\/h3>\n\n\n\n<ul class=\"wp-block-list\">\n<li>Posl\u00e1n\u00edm Montessori Ostrava \u0161kol je vzbudit v ka\u017ed\u00e9m \u017e\u00e1kovi celo\u017eivotn\u00ed l\u00e1sku k u\u010den\u00ed. Poskytovat smyslupln\u00e9 z\u00e1\u017eitky, kter\u00e9 pln\u011b zapoj\u00ed mladou mysl do \u00fasil\u00ed o akademickou dokonalost, samostatnost a odhodl\u00e1n\u00ed p\u0159isp\u00edvat k na\u0161emu rychle se m\u011bn\u00edc\u00edmu spole\u010denstvu a sv\u011btu.<\/li>\n\n\n\n<li>Poskytovat vzd\u011bl\u00e1vac\u00ed z\u00e1\u017eitek, kter\u00fd posiluje d\u011btskou mysl, soci\u00e1ln\u00ed dovednosti a sebev\u011bdom\u00ed. V\u011b\u0159\u00edme v s\u00edlu a potenci\u00e1l ka\u017ed\u00e9ho d\u00edt\u011bte a na\u0161\u00edm posl\u00e1n\u00edm je zajistit, aby prosp\u00edvalo. Kdy\u017e d\u011bti pochop\u00ed, jak se u\u010dit, stanou se nez\u00e1visl\u00fdmi a samostatn\u00fdmi.<\/li>\n\n\n\n<li>Z\u00e1kladn\u00edmi hodnotami je poskytov\u00e1n\u00ed kvalitn\u00edho modern\u00edho vzd\u011bl\u00e1v\u00e1n\u00ed, profesionalita u\u010ditel\u016f, jejich individu\u00e1ln\u00ed p\u0159\u00edstup k \u017e\u00e1k\u016fm a respektuj\u00edc\u00ed p\u0159\u00edstup.<\/li>\n<\/ul>\n\n\n\n<h3 class=\"wp-block-heading\">Vize:<\/h3>\n\n\n\n<ul class=\"wp-block-list\">\n<li>\u201eB\u00ddT ORGANICKOU U\u010c\u00cdC\u00cd A Z\u00c1ROVE\u0147 U\u010c\u00cdC\u00cd SE \u0160KOLOU S KO\u0158ENY V MONTESSORI FILOZOFII A \u0160KOLOU RESPEKTUJ\u00cdC\u00cd GLOB\u00c1LN\u00cd V\u00ddVOJ SV\u011aTA, \u0160KOLOU, KTER\u00c1 JE PRO SV\u00c9 SYSTEMATICK\u00c9 A MODERN\u00cd SM\u011a\u0158OV\u00c1N\u00cd KE KVALIT\u011a VE VZD\u011aL\u00c1V\u00c1N\u00cd RESPEKTOV\u00c1NA A Z\u00c1ROVE\u0147 P\u0158ITA\u017dLIV\u00c1, JAK PRO SV\u00c9 \u017d\u00c1KY A JEJICH RODI\u010cE, TAK PRO SV\u00c9 SPOLUPRACOVN\u00cdKY.\u201c<\/li>\n\n\n\n<li>S glob\u00e1ln\u00ed prom\u011bnou sv\u011bta m\u011bn\u00edme tv\u00e1\u0159 tradi\u010dn\u00edho vzd\u011bl\u00e1v\u00e1n\u00ed. Vzd\u011bl\u00e1v\u00e1n\u00ed je p\u0159\u00edprava na \u017eivot!<\/li>\n\n\n\n<li>Rozhoduj\u00edc\u00edm faktorem pro vytv\u00e1\u0159en\u00ed efektivn\u00ed \u201eu\u010d\u00edc\u00ed a u\u010d\u00edc\u00ed se \u0161koly\u201c jsou lid\u00e9, kte\u0159\u00ed jsou nejcenn\u011bj\u0161\u00edm kapit\u00e1lem, kter\u00e9 \u0161kola m\u00e1. U\u010d\u00edc\u00ed se organizace (Learning Organization) jsou dynamick\u00fdm syst\u00e9mem, kter\u00fd funguje na z\u00e1klad\u011b adaptace a zlep\u0161ov\u00e1n\u00ed organizace jako celku. V takov\u00e9 organizaci \u2013 \u0161kole lid\u00e9 zlep\u0161uj\u00ed sv\u00e9 schopnosti dosahovat po\u017eadovan\u00fdch v\u00fdsledk\u016f, u\u010d\u00ed se, jak se u\u010dit spole\u010dn\u011b s ostatn\u00edmi. U\u010d\u00edc\u00ed se \u0161kola se vyzna\u010duje syst\u00e9mov\u00fdm my\u0161len\u00edm, kulturou organizace, nad\u0161en\u00edm kvalitn\u00edch zam\u011bstnanc\u016f, pozitivn\u00edm a profesion\u00e1ln\u00edm p\u0159\u00edstupem a je z\u00e1rukou napln\u011bn\u00ed vize \u0161koly.<\/li>\n<\/ul>\n\n\n\n<p><strong>Radan J\u00fcnger, zakladatel Montessori Ostrava<\/strong><\/p>\n","protected":false},"excerpt":{"rendered":"<p>P\u0159\u00edb\u011bh zakladatele Od sv\u00fdch 18 let jsem se jako d\u00edt\u011b pedagogick\u00fdch rodi\u010d\u016f, a je\u0161t\u011b jako student V\u0160 za\u010dal v\u011bnovat oblasti vzd\u011bl\u00e1v\u00e1n\u00ed, kdy n\u00e1sledn\u011b d\u00edlem osudu jsem p\u0159evzal \u0159\u00edzen\u00ed vysok\u00e9 \u0161koly, ke kter\u00fdm jsem postupn\u011b p\u0159id\u00e1val n\u011bkolik dal\u0161\u00edch i zahrani\u010dn\u00edch. M\u011bl jsem tak mo\u017enost vytv\u00e1\u0159et podm\u00ednky a p\u0159\u00edmo napl\u0148ovat vzd\u011bl\u00e1vac\u00ed c\u00edle tis\u00edc\u016f mlad\u00fdch lid\u00ed v \u010cR [&hellip;]<\/p>\n","protected":false},"author":1,"featured_media":0,"parent":0,"menu_order":0,"comment_status":"closed","ping_status":"closed","template":"","meta":{"footnotes":""},"class_list":["post-54","page","type-page","status-publish","hentry"],"acf":[],"yoast_head":"<!-- This site is optimized with the Yoast SEO plugin v27.5 - https:\/\/yoast.com\/product\/yoast-seo-wordpress\/ -->\n<title>O n\u00e1s | Jesle Montessori Ostrava<\/title>\n<meta name=\"description\" content=\"Zjist\u011bte v\u00edce o Montessori jesl\u00edch, jejich filozofii, hodnot\u00e1ch a p\u0159\u00edstupu k v\u00fdchov\u011b, kter\u00fd podporuje p\u0159irozen\u00fd rozvoj d\u011bt\u00ed.\" \/>\n<meta name=\"robots\" content=\"index, follow, max-snippet:-1, max-image-preview:large, max-video-preview:-1\" \/>\n<link rel=\"canonical\" href=\"https:\/\/www.montessoriostrava.cz\/jesle\/o-nas\/\" \/>\n<meta property=\"og:locale\" content=\"cs_CZ\" \/>\n<meta property=\"og:type\" content=\"article\" \/>\n<meta property=\"og:title\" content=\"O n\u00e1s | Jesle Montessori Ostrava\" \/>\n<meta property=\"og:description\" content=\"Zjist\u011bte v\u00edce o Montessori jesl\u00edch, jejich filozofii, hodnot\u00e1ch a p\u0159\u00edstupu k v\u00fdchov\u011b, kter\u00fd podporuje p\u0159irozen\u00fd rozvoj d\u011bt\u00ed.\" \/>\n<meta property=\"og:url\" content=\"https:\/\/www.montessoriostrava.cz\/jesle\/o-nas\/\" \/>\n<meta property=\"og:site_name\" content=\"Jesle Montessori Ostrava\" \/>\n<meta property=\"article:modified_time\" content=\"2025-02-04T16:05:52+00:00\" \/>\n<meta property=\"og:image\" content=\"https:\/\/www.montessoriostrava.cz\/jesle\/wp-content\/uploads\/sites\/5\/2024\/09\/IMG_20181022_150917-1024x491-1.jpg\" \/>\n\t<meta property=\"og:image:width\" content=\"1024\" \/>\n\t<meta property=\"og:image:height\" content=\"491\" \/>\n\t<meta property=\"og:image:type\" content=\"image\/jpeg\" \/>\n<meta name=\"twitter:card\" content=\"summary_large_image\" \/>\n<meta name=\"twitter:label1\" content=\"Odhadovan\u00e1 doba \u010dten\u00ed\" \/>\n\t<meta name=\"twitter:data1\" content=\"3 minuty\" \/>\n<script type=\"application\/ld+json\" class=\"yoast-schema-graph\">{\"@context\":\"https:\\\/\\\/schema.org\",\"@graph\":[{\"@type\":\"WebPage\",\"@id\":\"https:\\\/\\\/www.montessoriostrava.cz\\\/jesle\\\/o-nas\\\/\",\"url\":\"https:\\\/\\\/www.montessoriostrava.cz\\\/jesle\\\/o-nas\\\/\",\"name\":\"O n\u00e1s | Jesle Montessori Ostrava\",\"isPartOf\":{\"@id\":\"https:\\\/\\\/www.montessoriostrava.cz\\\/jesle\\\/#website\"},\"primaryImageOfPage\":{\"@id\":\"https:\\\/\\\/www.montessoriostrava.cz\\\/jesle\\\/o-nas\\\/#primaryimage\"},\"image\":{\"@id\":\"https:\\\/\\\/www.montessoriostrava.cz\\\/jesle\\\/o-nas\\\/#primaryimage\"},\"thumbnailUrl\":\"https:\\\/\\\/www.montessoriostrava.cz\\\/jesle\\\/wp-content\\\/uploads\\\/sites\\\/5\\\/2024\\\/09\\\/IMG_20181022_150917-1024x491-1.jpg\",\"datePublished\":\"2024-09-03T13:35:42+00:00\",\"dateModified\":\"2025-02-04T16:05:52+00:00\",\"description\":\"Zjist\u011bte v\u00edce o Montessori jesl\u00edch, jejich filozofii, hodnot\u00e1ch a p\u0159\u00edstupu k v\u00fdchov\u011b, kter\u00fd podporuje p\u0159irozen\u00fd rozvoj d\u011bt\u00ed.\",\"breadcrumb\":{\"@id\":\"https:\\\/\\\/www.montessoriostrava.cz\\\/jesle\\\/o-nas\\\/#breadcrumb\"},\"inLanguage\":\"cs\",\"potentialAction\":[{\"@type\":\"ReadAction\",\"target\":[\"https:\\\/\\\/www.montessoriostrava.cz\\\/jesle\\\/o-nas\\\/\"]}]},{\"@type\":\"ImageObject\",\"inLanguage\":\"cs\",\"@id\":\"https:\\\/\\\/www.montessoriostrava.cz\\\/jesle\\\/o-nas\\\/#primaryimage\",\"url\":\"https:\\\/\\\/www.montessoriostrava.cz\\\/jesle\\\/wp-content\\\/uploads\\\/sites\\\/5\\\/2024\\\/09\\\/IMG_20181022_150917-1024x491-1.jpg\",\"contentUrl\":\"https:\\\/\\\/www.montessoriostrava.cz\\\/jesle\\\/wp-content\\\/uploads\\\/sites\\\/5\\\/2024\\\/09\\\/IMG_20181022_150917-1024x491-1.jpg\",\"width\":1024,\"height\":491},{\"@type\":\"BreadcrumbList\",\"@id\":\"https:\\\/\\\/www.montessoriostrava.cz\\\/jesle\\\/o-nas\\\/#breadcrumb\",\"itemListElement\":[{\"@type\":\"ListItem\",\"position\":1,\"name\":\"Dom\u016f\",\"item\":\"https:\\\/\\\/www.montessoriostrava.cz\\\/jesle\\\/\"},{\"@type\":\"ListItem\",\"position\":2,\"name\":\"O n\u00e1s\"}]},{\"@type\":\"WebSite\",\"@id\":\"https:\\\/\\\/www.montessoriostrava.cz\\\/jesle\\\/#website\",\"url\":\"https:\\\/\\\/www.montessoriostrava.cz\\\/jesle\\\/\",\"name\":\"Jesle Montessori Ostrava\",\"description\":\"\",\"publisher\":{\"@id\":\"https:\\\/\\\/www.montessoriostrava.cz\\\/jesle\\\/#organization\"},\"potentialAction\":[{\"@type\":\"SearchAction\",\"target\":{\"@type\":\"EntryPoint\",\"urlTemplate\":\"https:\\\/\\\/www.montessoriostrava.cz\\\/jesle\\\/?s={search_term_string}\"},\"query-input\":{\"@type\":\"PropertyValueSpecification\",\"valueRequired\":true,\"valueName\":\"search_term_string\"}}],\"inLanguage\":\"cs\"},{\"@type\":\"Organization\",\"@id\":\"https:\\\/\\\/www.montessoriostrava.cz\\\/jesle\\\/#organization\",\"name\":\"Montessori Ostrava\",\"url\":\"https:\\\/\\\/www.montessoriostrava.cz\\\/jesle\\\/\",\"logo\":{\"@type\":\"ImageObject\",\"inLanguage\":\"cs\",\"@id\":\"https:\\\/\\\/www.montessoriostrava.cz\\\/jesle\\\/#\\\/schema\\\/logo\\\/image\\\/\",\"url\":\"https:\\\/\\\/www.montessoriostrava.cz\\\/jesle\\\/wp-content\\\/uploads\\\/sites\\\/5\\\/2025\\\/01\\\/logo-montessori.png\",\"contentUrl\":\"https:\\\/\\\/www.montessoriostrava.cz\\\/jesle\\\/wp-content\\\/uploads\\\/sites\\\/5\\\/2025\\\/01\\\/logo-montessori.png\",\"width\":1794,\"height\":527,\"caption\":\"Montessori Ostrava\"},\"image\":{\"@id\":\"https:\\\/\\\/www.montessoriostrava.cz\\\/jesle\\\/#\\\/schema\\\/logo\\\/image\\\/\"}}]}<\/script>\n<!-- \/ Yoast SEO plugin. -->","yoast_head_json":{"title":"O n\u00e1s | Jesle Montessori Ostrava","description":"Zjist\u011bte v\u00edce o Montessori jesl\u00edch, jejich filozofii, hodnot\u00e1ch a p\u0159\u00edstupu k v\u00fdchov\u011b, kter\u00fd podporuje p\u0159irozen\u00fd rozvoj d\u011bt\u00ed.","robots":{"index":"index","follow":"follow","max-snippet":"max-snippet:-1","max-image-preview":"max-image-preview:large","max-video-preview":"max-video-preview:-1"},"canonical":"https:\/\/www.montessoriostrava.cz\/jesle\/o-nas\/","og_locale":"cs_CZ","og_type":"article","og_title":"O n\u00e1s | Jesle Montessori Ostrava","og_description":"Zjist\u011bte v\u00edce o Montessori jesl\u00edch, jejich filozofii, hodnot\u00e1ch a p\u0159\u00edstupu k v\u00fdchov\u011b, kter\u00fd podporuje p\u0159irozen\u00fd rozvoj d\u011bt\u00ed.","og_url":"https:\/\/www.montessoriostrava.cz\/jesle\/o-nas\/","og_site_name":"Jesle Montessori Ostrava","article_modified_time":"2025-02-04T16:05:52+00:00","og_image":[{"width":1024,"height":491,"url":"https:\/\/www.montessoriostrava.cz\/jesle\/wp-content\/uploads\/sites\/5\/2024\/09\/IMG_20181022_150917-1024x491-1.jpg","type":"image\/jpeg"}],"twitter_card":"summary_large_image","twitter_misc":{"Odhadovan\u00e1 doba \u010dten\u00ed":"3 minuty"},"schema":{"@context":"https:\/\/schema.org","@graph":[{"@type":"WebPage","@id":"https:\/\/www.montessoriostrava.cz\/jesle\/o-nas\/","url":"https:\/\/www.montessoriostrava.cz\/jesle\/o-nas\/","name":"O n\u00e1s | Jesle Montessori Ostrava","isPartOf":{"@id":"https:\/\/www.montessoriostrava.cz\/jesle\/#website"},"primaryImageOfPage":{"@id":"https:\/\/www.montessoriostrava.cz\/jesle\/o-nas\/#primaryimage"},"image":{"@id":"https:\/\/www.montessoriostrava.cz\/jesle\/o-nas\/#primaryimage"},"thumbnailUrl":"https:\/\/www.montessoriostrava.cz\/jesle\/wp-content\/uploads\/sites\/5\/2024\/09\/IMG_20181022_150917-1024x491-1.jpg","datePublished":"2024-09-03T13:35:42+00:00","dateModified":"2025-02-04T16:05:52+00:00","description":"Zjist\u011bte v\u00edce o Montessori jesl\u00edch, jejich filozofii, hodnot\u00e1ch a p\u0159\u00edstupu k v\u00fdchov\u011b, kter\u00fd podporuje p\u0159irozen\u00fd rozvoj d\u011bt\u00ed.","breadcrumb":{"@id":"https:\/\/www.montessoriostrava.cz\/jesle\/o-nas\/#breadcrumb"},"inLanguage":"cs","potentialAction":[{"@type":"ReadAction","target":["https:\/\/www.montessoriostrava.cz\/jesle\/o-nas\/"]}]},{"@type":"ImageObject","inLanguage":"cs","@id":"https:\/\/www.montessoriostrava.cz\/jesle\/o-nas\/#primaryimage","url":"https:\/\/www.montessoriostrava.cz\/jesle\/wp-content\/uploads\/sites\/5\/2024\/09\/IMG_20181022_150917-1024x491-1.jpg","contentUrl":"https:\/\/www.montessoriostrava.cz\/jesle\/wp-content\/uploads\/sites\/5\/2024\/09\/IMG_20181022_150917-1024x491-1.jpg","width":1024,"height":491},{"@type":"BreadcrumbList","@id":"https:\/\/www.montessoriostrava.cz\/jesle\/o-nas\/#breadcrumb","itemListElement":[{"@type":"ListItem","position":1,"name":"Dom\u016f","item":"https:\/\/www.montessoriostrava.cz\/jesle\/"},{"@type":"ListItem","position":2,"name":"O n\u00e1s"}]},{"@type":"WebSite","@id":"https:\/\/www.montessoriostrava.cz\/jesle\/#website","url":"https:\/\/www.montessoriostrava.cz\/jesle\/","name":"Jesle Montessori Ostrava","description":"","publisher":{"@id":"https:\/\/www.montessoriostrava.cz\/jesle\/#organization"},"potentialAction":[{"@type":"SearchAction","target":{"@type":"EntryPoint","urlTemplate":"https:\/\/www.montessoriostrava.cz\/jesle\/?s={search_term_string}"},"query-input":{"@type":"PropertyValueSpecification","valueRequired":true,"valueName":"search_term_string"}}],"inLanguage":"cs"},{"@type":"Organization","@id":"https:\/\/www.montessoriostrava.cz\/jesle\/#organization","name":"Montessori Ostrava","url":"https:\/\/www.montessoriostrava.cz\/jesle\/","logo":{"@type":"ImageObject","inLanguage":"cs","@id":"https:\/\/www.montessoriostrava.cz\/jesle\/#\/schema\/logo\/image\/","url":"https:\/\/www.montessoriostrava.cz\/jesle\/wp-content\/uploads\/sites\/5\/2025\/01\/logo-montessori.png","contentUrl":"https:\/\/www.montessoriostrava.cz\/jesle\/wp-content\/uploads\/sites\/5\/2025\/01\/logo-montessori.png","width":1794,"height":527,"caption":"Montessori Ostrava"},"image":{"@id":"https:\/\/www.montessoriostrava.cz\/jesle\/#\/schema\/logo\/image\/"}}]}},"_links":{"self":[{"href":"https:\/\/www.montessoriostrava.cz\/jesle\/wp-json\/wp\/v2\/pages\/54","targetHints":{"allow":["GET"]}}],"collection":[{"href":"https:\/\/www.montessoriostrava.cz\/jesle\/wp-json\/wp\/v2\/pages"}],"about":[{"href":"https:\/\/www.montessoriostrava.cz\/jesle\/wp-json\/wp\/v2\/types\/page"}],"author":[{"embeddable":true,"href":"https:\/\/www.montessoriostrava.cz\/jesle\/wp-json\/wp\/v2\/users\/1"}],"replies":[{"embeddable":true,"href":"https:\/\/www.montessoriostrava.cz\/jesle\/wp-json\/wp\/v2\/comments?post=54"}],"version-history":[{"count":6,"href":"https:\/\/www.montessoriostrava.cz\/jesle\/wp-json\/wp\/v2\/pages\/54\/revisions"}],"predecessor-version":[{"id":454,"href":"https:\/\/www.montessoriostrava.cz\/jesle\/wp-json\/wp\/v2\/pages\/54\/revisions\/454"}],"wp:attachment":[{"href":"https:\/\/www.montessoriostrava.cz\/jesle\/wp-json\/wp\/v2\/media?parent=54"}],"curies":[{"name":"wp","href":"https:\/\/api.w.org\/{rel}","templated":true}]}}