{"id":62,"date":"2024-09-03T15:36:16","date_gmt":"2024-09-03T13:36:16","guid":{"rendered":"https:\/\/www.montessoriostrava.cz\/jesle\/?page_id=62"},"modified":"2025-08-01T16:20:33","modified_gmt":"2025-08-01T14:20:33","slug":"kontakty","status":"publish","type":"page","link":"https:\/\/www.montessoriostrava.cz\/jesle\/kontakty\/","title":{"rendered":"Kontakty"},"content":{"rendered":"\n<div class=\"wp-block-columns is-layout-flex wp-container-core-columns-is-layout-9d6595d7 wp-block-columns-is-layout-flex\">\n<div class=\"wp-block-column is-layout-flow wp-block-column-is-layout-flow\">\n<h2 class=\"wp-block-heading\">JESLE MATROSOVOVA<\/h2>\n\n\n\n<p><strong>Matrosovova 833\/14, Ostrava-Hulv\u00e1ky<\/strong><\/p>\n\n\n\n<p><strong>Mobil do t\u0159\u00eddy: 797 836 019<\/strong><\/p>\n\n\n\n<p><a href=\"mailto:kamila.junger@montessoriostrava.cz\">kamila.junger@montessoriostrava.cz<\/a><br><a href=\"tel:+420 724 690 408\">+420 724 690 408<\/a>, \u0159editelka <\/p>\n\n\n\n<iframe src=\"https:\/\/www.google.com\/maps\/embed?pb=!1m14!1m8!1m3!1d20591.90942172954!2d18.245212!3d49.823878!3m2!1i1024!2i768!4f13.1!3m3!1m2!1s0x4713e3707fb83ba7%3A0x2b7d6abcacb09e7c!2sMatrosovova%20833%2F14%2C%20709%2000%20Ostrava%209-Hulv%C3%A1ky%2C%20%C4%8Cesko!5e0!3m2!1scs!2sus!4v1726049318663!5m2!1scs!2sus\" width=\"100%\" height=\"450\" style=\"border:0;\" allowfullscreen=\"\" loading=\"lazy\" referrerpolicy=\"no-referrer-when-downgrade\"><\/iframe>\n<\/div>\n\n\n\n<div class=\"wp-block-column is-layout-flow wp-block-column-is-layout-flow\">\n<h2 class=\"wp-block-heading\">JESLE SVINOV<\/h2>\n\n\n\n<p><strong>B\u00edloveck\u00e1 303, Ostrava-Svinov<\/strong><\/p>\n\n\n\n<p><strong>Mobil do t\u0159\u00eddy: 731 724 334<\/strong><\/p>\n\n\n\n<p><a href=\"mailto:kamila.junger@montessoriostrava.cz\">kamila.junger@montessoriostrava.cz<\/a><br><a href=\"tel:+420 724 690 408\">+420 724 690 408<\/a>, \u0159editelka<\/p>\n\n\n\n<iframe src=\"https:\/\/www.google.com\/maps\/embed?pb=!1m14!1m8!1m3!1d20593.83030797733!2d18.203338!3d49.819365!3m2!1i1024!2i768!4f13.1!3m3!1m2!1s0x4713e47582e9fbe7%3A0xa05386bfc9dfc6fa!2zQsOtbG92ZWNrw6EgMzAzLzI2LCA3MjEgMDAgT3N0cmF2YSAyMSwgxIxlc2tv!5e0!3m2!1scs!2sus!4v1726049370842!5m2!1scs!2sus\" width=\"100%\" height=\"450\" style=\"border:0;\" allowfullscreen=\"\" loading=\"lazy\" referrerpolicy=\"no-referrer-when-downgrade\"><\/iframe>\n<\/div>\n<\/div>\n","protected":false},"excerpt":{"rendered":"<p>JESLE MATROSOVOVA Matrosovova 833\/14, Ostrava-Hulv\u00e1ky Mobil do t\u0159\u00eddy: 797 836 019 kamila.junger@montessoriostrava.cz+420 724 690 408, \u0159editelka JESLE SVINOV B\u00edloveck\u00e1 303, Ostrava-Svinov Mobil do t\u0159\u00eddy: 731 724 334 kamila.junger@montessoriostrava.cz+420 724 690 408, \u0159editelka<\/p>\n","protected":false},"author":1,"featured_media":0,"parent":0,"menu_order":0,"comment_status":"closed","ping_status":"closed","template":"","meta":{"footnotes":""},"class_list":["post-62","page","type-page","status-publish","hentry"],"acf":[],"yoast_head":"<!-- This site is optimized with the Yoast SEO plugin v27.5 - https:\/\/yoast.com\/product\/yoast-seo-wordpress\/ -->\n<title>Kontakty | Jesle Montessori Ostrava<\/title>\n<meta name=\"description\" content=\"Kontaktujte n\u00e1s pro v\u00edce informac\u00ed o Montessori jesl\u00edch. Najdete zde adresu, telefon a e-mail pro snadnou komunikaci s n\u00e1mi.\" \/>\n<meta name=\"robots\" content=\"index, follow, max-snippet:-1, max-image-preview:large, max-video-preview:-1\" \/>\n<link rel=\"canonical\" href=\"https:\/\/www.montessoriostrava.cz\/jesle\/kontakty\/\" \/>\n<meta property=\"og:locale\" content=\"cs_CZ\" \/>\n<meta property=\"og:type\" content=\"article\" \/>\n<meta property=\"og:title\" content=\"Kontakty | Jesle Montessori Ostrava\" \/>\n<meta property=\"og:description\" content=\"Kontaktujte n\u00e1s pro v\u00edce informac\u00ed o Montessori jesl\u00edch. Najdete zde adresu, telefon a e-mail pro snadnou komunikaci s n\u00e1mi.\" \/>\n<meta property=\"og:url\" content=\"https:\/\/www.montessoriostrava.cz\/jesle\/kontakty\/\" \/>\n<meta property=\"og:site_name\" content=\"Jesle Montessori Ostrava\" \/>\n<meta property=\"article:modified_time\" content=\"2025-08-01T14:20:33+00:00\" \/>\n<meta property=\"og:image\" content=\"https:\/\/www.montessoriostrava.cz\/jesle\/wp-content\/uploads\/sites\/5\/2024\/09\/f0021e9424d2061da544170ac821a678-2-e1725373142383.png\" \/>\n\t<meta property=\"og:image:width\" content=\"683\" \/>\n\t<meta property=\"og:image:height\" content=\"700\" \/>\n\t<meta property=\"og:image:type\" content=\"image\/png\" \/>\n<meta name=\"twitter:card\" content=\"summary_large_image\" \/>\n<meta name=\"twitter:label1\" content=\"Odhadovan\u00e1 doba \u010dten\u00ed\" \/>\n\t<meta name=\"twitter:data1\" content=\"1 minuta\" \/>\n<script type=\"application\/ld+json\" class=\"yoast-schema-graph\">{\"@context\":\"https:\\\/\\\/schema.org\",\"@graph\":[{\"@type\":\"WebPage\",\"@id\":\"https:\\\/\\\/www.montessoriostrava.cz\\\/jesle\\\/kontakty\\\/\",\"url\":\"https:\\\/\\\/www.montessoriostrava.cz\\\/jesle\\\/kontakty\\\/\",\"name\":\"Kontakty | Jesle Montessori Ostrava\",\"isPartOf\":{\"@id\":\"https:\\\/\\\/www.montessoriostrava.cz\\\/jesle\\\/#website\"},\"datePublished\":\"2024-09-03T13:36:16+00:00\",\"dateModified\":\"2025-08-01T14:20:33+00:00\",\"description\":\"Kontaktujte n\u00e1s pro v\u00edce informac\u00ed o Montessori jesl\u00edch. Najdete zde adresu, telefon a e-mail pro snadnou komunikaci s n\u00e1mi.\",\"breadcrumb\":{\"@id\":\"https:\\\/\\\/www.montessoriostrava.cz\\\/jesle\\\/kontakty\\\/#breadcrumb\"},\"inLanguage\":\"cs\",\"potentialAction\":[{\"@type\":\"ReadAction\",\"target\":[\"https:\\\/\\\/www.montessoriostrava.cz\\\/jesle\\\/kontakty\\\/\"]}]},{\"@type\":\"BreadcrumbList\",\"@id\":\"https:\\\/\\\/www.montessoriostrava.cz\\\/jesle\\\/kontakty\\\/#breadcrumb\",\"itemListElement\":[{\"@type\":\"ListItem\",\"position\":1,\"name\":\"Dom\u016f\",\"item\":\"https:\\\/\\\/www.montessoriostrava.cz\\\/jesle\\\/\"},{\"@type\":\"ListItem\",\"position\":2,\"name\":\"Kontakty\"}]},{\"@type\":\"WebSite\",\"@id\":\"https:\\\/\\\/www.montessoriostrava.cz\\\/jesle\\\/#website\",\"url\":\"https:\\\/\\\/www.montessoriostrava.cz\\\/jesle\\\/\",\"name\":\"Jesle Montessori Ostrava\",\"description\":\"\",\"publisher\":{\"@id\":\"https:\\\/\\\/www.montessoriostrava.cz\\\/jesle\\\/#organization\"},\"potentialAction\":[{\"@type\":\"SearchAction\",\"target\":{\"@type\":\"EntryPoint\",\"urlTemplate\":\"https:\\\/\\\/www.montessoriostrava.cz\\\/jesle\\\/?s={search_term_string}\"},\"query-input\":{\"@type\":\"PropertyValueSpecification\",\"valueRequired\":true,\"valueName\":\"search_term_string\"}}],\"inLanguage\":\"cs\"},{\"@type\":\"Organization\",\"@id\":\"https:\\\/\\\/www.montessoriostrava.cz\\\/jesle\\\/#organization\",\"name\":\"Montessori Ostrava\",\"url\":\"https:\\\/\\\/www.montessoriostrava.cz\\\/jesle\\\/\",\"logo\":{\"@type\":\"ImageObject\",\"inLanguage\":\"cs\",\"@id\":\"https:\\\/\\\/www.montessoriostrava.cz\\\/jesle\\\/#\\\/schema\\\/logo\\\/image\\\/\",\"url\":\"https:\\\/\\\/www.montessoriostrava.cz\\\/jesle\\\/wp-content\\\/uploads\\\/sites\\\/5\\\/2025\\\/01\\\/logo-montessori.png\",\"contentUrl\":\"https:\\\/\\\/www.montessoriostrava.cz\\\/jesle\\\/wp-content\\\/uploads\\\/sites\\\/5\\\/2025\\\/01\\\/logo-montessori.png\",\"width\":1794,\"height\":527,\"caption\":\"Montessori Ostrava\"},\"image\":{\"@id\":\"https:\\\/\\\/www.montessoriostrava.cz\\\/jesle\\\/#\\\/schema\\\/logo\\\/image\\\/\"}}]}<\/script>\n<!-- \/ Yoast SEO plugin. -->","yoast_head_json":{"title":"Kontakty | Jesle Montessori Ostrava","description":"Kontaktujte n\u00e1s pro v\u00edce informac\u00ed o Montessori jesl\u00edch. Najdete zde adresu, telefon a e-mail pro snadnou komunikaci s n\u00e1mi.","robots":{"index":"index","follow":"follow","max-snippet":"max-snippet:-1","max-image-preview":"max-image-preview:large","max-video-preview":"max-video-preview:-1"},"canonical":"https:\/\/www.montessoriostrava.cz\/jesle\/kontakty\/","og_locale":"cs_CZ","og_type":"article","og_title":"Kontakty | Jesle Montessori Ostrava","og_description":"Kontaktujte n\u00e1s pro v\u00edce informac\u00ed o Montessori jesl\u00edch. Najdete zde adresu, telefon a e-mail pro snadnou komunikaci s n\u00e1mi.","og_url":"https:\/\/www.montessoriostrava.cz\/jesle\/kontakty\/","og_site_name":"Jesle Montessori Ostrava","article_modified_time":"2025-08-01T14:20:33+00:00","og_image":[{"width":683,"height":700,"url":"https:\/\/www.montessoriostrava.cz\/jesle\/wp-content\/uploads\/sites\/5\/2024\/09\/f0021e9424d2061da544170ac821a678-2-e1725373142383.png","type":"image\/png"}],"twitter_card":"summary_large_image","twitter_misc":{"Odhadovan\u00e1 doba \u010dten\u00ed":"1 minuta"},"schema":{"@context":"https:\/\/schema.org","@graph":[{"@type":"WebPage","@id":"https:\/\/www.montessoriostrava.cz\/jesle\/kontakty\/","url":"https:\/\/www.montessoriostrava.cz\/jesle\/kontakty\/","name":"Kontakty | Jesle Montessori Ostrava","isPartOf":{"@id":"https:\/\/www.montessoriostrava.cz\/jesle\/#website"},"datePublished":"2024-09-03T13:36:16+00:00","dateModified":"2025-08-01T14:20:33+00:00","description":"Kontaktujte n\u00e1s pro v\u00edce informac\u00ed o Montessori jesl\u00edch. Najdete zde adresu, telefon a e-mail pro snadnou komunikaci s n\u00e1mi.","breadcrumb":{"@id":"https:\/\/www.montessoriostrava.cz\/jesle\/kontakty\/#breadcrumb"},"inLanguage":"cs","potentialAction":[{"@type":"ReadAction","target":["https:\/\/www.montessoriostrava.cz\/jesle\/kontakty\/"]}]},{"@type":"BreadcrumbList","@id":"https:\/\/www.montessoriostrava.cz\/jesle\/kontakty\/#breadcrumb","itemListElement":[{"@type":"ListItem","position":1,"name":"Dom\u016f","item":"https:\/\/www.montessoriostrava.cz\/jesle\/"},{"@type":"ListItem","position":2,"name":"Kontakty"}]},{"@type":"WebSite","@id":"https:\/\/www.montessoriostrava.cz\/jesle\/#website","url":"https:\/\/www.montessoriostrava.cz\/jesle\/","name":"Jesle Montessori Ostrava","description":"","publisher":{"@id":"https:\/\/www.montessoriostrava.cz\/jesle\/#organization"},"potentialAction":[{"@type":"SearchAction","target":{"@type":"EntryPoint","urlTemplate":"https:\/\/www.montessoriostrava.cz\/jesle\/?s={search_term_string}"},"query-input":{"@type":"PropertyValueSpecification","valueRequired":true,"valueName":"search_term_string"}}],"inLanguage":"cs"},{"@type":"Organization","@id":"https:\/\/www.montessoriostrava.cz\/jesle\/#organization","name":"Montessori Ostrava","url":"https:\/\/www.montessoriostrava.cz\/jesle\/","logo":{"@type":"ImageObject","inLanguage":"cs","@id":"https:\/\/www.montessoriostrava.cz\/jesle\/#\/schema\/logo\/image\/","url":"https:\/\/www.montessoriostrava.cz\/jesle\/wp-content\/uploads\/sites\/5\/2025\/01\/logo-montessori.png","contentUrl":"https:\/\/www.montessoriostrava.cz\/jesle\/wp-content\/uploads\/sites\/5\/2025\/01\/logo-montessori.png","width":1794,"height":527,"caption":"Montessori Ostrava"},"image":{"@id":"https:\/\/www.montessoriostrava.cz\/jesle\/#\/schema\/logo\/image\/"}}]}},"_links":{"self":[{"href":"https:\/\/www.montessoriostrava.cz\/jesle\/wp-json\/wp\/v2\/pages\/62","targetHints":{"allow":["GET"]}}],"collection":[{"href":"https:\/\/www.montessoriostrava.cz\/jesle\/wp-json\/wp\/v2\/pages"}],"about":[{"href":"https:\/\/www.montessoriostrava.cz\/jesle\/wp-json\/wp\/v2\/types\/page"}],"author":[{"embeddable":true,"href":"https:\/\/www.montessoriostrava.cz\/jesle\/wp-json\/wp\/v2\/users\/1"}],"replies":[{"embeddable":true,"href":"https:\/\/www.montessoriostrava.cz\/jesle\/wp-json\/wp\/v2\/comments?post=62"}],"version-history":[{"count":5,"href":"https:\/\/www.montessoriostrava.cz\/jesle\/wp-json\/wp\/v2\/pages\/62\/revisions"}],"predecessor-version":[{"id":558,"href":"https:\/\/www.montessoriostrava.cz\/jesle\/wp-json\/wp\/v2\/pages\/62\/revisions\/558"}],"wp:attachment":[{"href":"https:\/\/www.montessoriostrava.cz\/jesle\/wp-json\/wp\/v2\/media?parent=62"}],"curies":[{"name":"wp","href":"https:\/\/api.w.org\/{rel}","templated":true}]}}